5) - -3.
-3
Evaluate 33 + -25 + (4 - 20).
-8
Evaluate 2 - (-3 + 12) - -3.
-4
What is -1 + 10 + -4 + (-1 - 1)?
3
What is the value of -4 + 4 - 4 - -7 - 2?
1
Calculate (-22 - -27) + (-1 - -1).
5
Evaluate (6 + -2 - 13) + (5 - 0).
-4
What is the value of 10 - (12 - -10) - -6?
-6
What is the value of 1 + -3 + 0 + 3 + -1?
0
2 - (-7 - -4 - (0 + -8))
-3
(2 - (-5 - -2)) + (3 - 4)
4
Evaluate (-11 - -3 - (-4 - 1)) + 2.
-1
What is the value of 4 + -5 + (-3 - (-3 + 4))?
-5
What is the value of -3 + (0 - 4) + 7?
0
Evaluate -5 - (1 + -7 + (-5 - -13)).
-7
What is 5 - (0 + (3 - 6) + 6)?
2
Evaluate (-3 - (-1 + -1)) + -20 + 23.
2
Evaluate -9 + 10 - -9 - 4.
6
What is the value of -4 + (15 - (1 + -6 + 11))?
5
-1 - -11 - (-6 + 14)
2
What is -8 + 11 + (-12 - -10)?
1
-1 + -4 + (-27 - -27)
-5
Evaluate 3 + 3 + 4 + -4 + -8.
-2
What is the value of -6 + 0 + -4 - -4?
-6
What is the value of -2 + -1 + 5 - (6 + 1)?
-5
What is 0 + 6 + 0 - 2?
4
Evaluate -5 - (-3 - -1 - 3).
0
8 - 11 - 1 - (-4 + 6)
-6
What is the value of (-1 - (3 + 0) - -1) + -2?
-5
What is 20 + -22 + (21 - 10)?
9
-6 + 14 - (-1 + 4)
5
What is the value of 11 + (-1 - (6 + 4 + -5))?
5
-1 + (-13 - -8 - -5)
-1
(5 - (-4 + (1 - -2))) + -3
3
What is the value of 4 + (-11 - (-3 + -1) - 2)?
-5
What is the value of -2 - (2 + -2) - (0 - 0)?
-2
Evaluate -4 + 7 - (0 + 2).
1
Evaluate (-2 - -1) + -2 + 10 + -2.
5
Evaluate -3 - 6 - (-4 - (-3 - -4)).
-4
What is (18 - 14) + 6 + 4 + -8?
6
What is the value of -2 + (1 - 0) - (0 + -7)?
6
(5 + -12 - (-4 + 0)) + -5
-8
What is the value of 3 - (-6 + 6) - (8 + -1)?
-4
Evaluate (4 - (6 + -2 + 0)) + -7.
-7
Evaluate (4 - 1) + 2 + -10.
-5
Evaluate -6 + -6 + (-4 - -10) - -3.
-3
What is the value of (-3 - -1) + (13 - 12)?
-1
Evaluate -2 + (1 - 2) + -2.
-5
Evaluate 2 + (-2 - -3) + (1 - 1).
3
What is 1 - 3 - (-1 + 4 - 5)?
0
What is -1 + 0 - (5 + -9 + 0)?
3
What is the value of -3 - (-2 - -3) - (-29 - -20)?
5
What is (4 - -3) + -14 - -9?
2
What is (-2 - -4) + 4 + (-13 - -5)?
-2
Calculate (0 - -7) + -19 + 11.
-1
-1 - (-4 + 2 + -3)
4
What is -2 - (-7 + (10 - (3 + 0)))?
-2
What is 5 + 3 + 2 - 3?
7
Calculate -61 - -68 - (9 + -1).
-1
Evaluate 5 + 6 + -20 - -10.
1
Evaluate 3 + 5 + (3 - 17) - -4.
-2
-2 + 3 + -3 + 3 + 0
1
What is (17 - 5) + -4 + -8?
0
Evaluate -1 - 13 - (65 + -78).
-1
Evaluate (1 - -1) + (-3 + 7 - 1).
5
What is the value of 8 - (-9 + (17 - -1))?
-1
Calculate -8 + (-1 - (5 + -15)).
1
(1 - 0) + -28 + 1 + 22
-4
What is -12 - -3 - (-39 - -23)?
7
Evaluate (-4 - -3) + (-1 - -5) + -1.
2
What is (1 - (-1 + -1)) + -3?
0
-43 + 33 + (7 - 2)
-5
What is the value of -7 - (-2 + 0 + 3 - 3)?
-5
(1 - 0) + (-7 - (-2 - -1))
-5
Calculate 2 + 2 + -3 + -5.
-4
3 + -5 + 8 + -11
-5
(3 - (-8 - -10)) + -6
-5
What is 0 - -9 - (18 + -13)?
4
What is -1 - (-7 + 5 - (5 + -2))?
4
What is -4 - (1 + (3 + -6 - -3))?
-5
(1 - 9) + (-17 + 23 - 7)
-9
(2 - (-1 - -2)) + 1
2
1 + 3 - (-13 + 2 + 9)
6
Calculate 4 - (9 - 3) - -4.
2
What is 5 + -13 + 4 + 0 + 0?
-4
Calculate (6 - (4 - 1)) + 3 + -2.
4
-4 - (2 + -3) - 1
-4
What is the value of -2 + 0 - (0 - -3)?
-5
Evaluate -41 - -31 - (-3 + -8).
1
What is -1 - (1 + (4 - (-2 + 4)))?
-4
Calculate 0 - (0 - (0 - 3)).
-3
-1 - (-5 + -2 + 2)
4
What is -6 - (8 + 1 + (-33 - -26))?
-8
What is the value of (0 - (3 - 5 - -2)) + -4?
-4
1 + 1 + (9 - 20 - -6)
-3
What is 1 + 3 + -3 + (-7 - -4)?
-2
Evaluate -7 + 6 + -4 + 3.
-2
What is -3 + (2 - (-1 + 2 + 1))?
-3
Calculate -2 + 2 + -4 + -11 + 9.
-6
What is -1 + (3 - 4) + 9 + -3?
4
Evaluate -4 + -3 + (2 - -3).
-2
Calculate (-10 - -6) + (0 - -3).
-1
Calculate -20 + (17 - -1) + -6.
-8
What is the value of -3 - 1 - (12 + 0 - 20)?
4
1 - 1 - -3 - 4
-1
Calculate 2 - (-14 + 18) - (-5 + -1).
4
What is the value of 1 - (3 - (-1 - -2)) - 1?
-2
What is -5 - (5 + (-3 - -1 - 3))?
-5
What is -3 - (5 + -4 + -1)?
-3
Calculate -5 + 1 + -1 + 1.
-4
Calculate -2 + 1 + 5 + -1 + 5.
8
2 + -8 + -2 + (10 - 7)
-5
Evaluate (-3 - (-1 + 1)) + 1.
-2
-1 - 2 - (9 - 11)
-1
Evaluate 2 + -5 - (0 + -3).
0
What is 0 - (-1 - 1) - -3?
5
5 + -5 + -6 - -4
-2
Calculate 1 - -2 - 1 - -1.
3
Evaluate 10 + -8 + 0 + 0 + -1.
1
2 + (-8 - -6) + -1 + 4
3
What is the value of (-2 - (-5 - -3)) + 4 - 2?
2
Calculate -5 + (3 - (-3 + 6)).
-5
Evaluate 67 + -67 + (1 - 0) + 1.
2
Evaluate -3 + 3 + -7 - -1 - -2.
-4
0 + (4 - (7 + -3 + 2))
-2
46 - 52 - ((-3 - -2) + 1)
-6
(0 + 0 - -2) + -7 + 8
3
What is 5 - (-2 + 1 - -14)?
-8
What is (-6 - -1) + 5 + -2?
-2
What is -4 - (6 + -19 - -4)?
5
What is -15 - (2 + -9) - -14?
6
Evaluate (1 - 6) + 4 + 6.
5
What is -3 - (-4 - 6 - -1) - 7?
-1
Calculate (5 - (5 - -3)) + -2.
-5
-1 + -1 + -2 + 3
-1
What is -4 + 16 - (-4 - -11)?
5
What is the value of 3 - -3 - 2 - 3?
1
Evaluate -27 + 23 + 12 + 0 + -5.
3
5 + ((4 - 2) + -2 - 0)
5
What is the value of -4 + (-1 - -2) + (-3 - -3)?
-3
1 - -2 - -4 - 3
4
What is 0 + 6 + -5 + -1?
0
What is (6 - 3) + -2 + -3 + 3?
1
What is -2 - (2 + -2 - -2)?
-4
Calculate (4 + 7 - 4) + -3.
4
What is (10 + -2 - (19 + -18)) + -1?
6
(-10 + 20 - (5 + -3)) + -5
3
-11 - (6 - (12 - 4)) - -4
-5
Calculate 5 - (6 + -4) - 6.
-3
-5 - (-9 - -3 - -4)
-3
0 + -4 - (-2 + 5 - 4)
-3
11 + (19 - 6) + -15
9
Calculate (0 + -9 - -9) + (3 - 8).
-5
Calculate -10 + (-1 - -13) + -8.
-6
What is (-1 - -2) + (9 - 3 - 8)?
-1
Calculate -3 + -1 - 2 - (-3 - 0).
-3
Calculate -6 + (11 - 22 - -21).
4
-7 - (-3 - (3 + 3))
2
What is 2 + 2 + -2 + 2?
4
What is -8 - 4 - (-22 - -10)?
0
What is (1 - 5) + 0 - (-1 + 2)?
-5
What is the value of -2 + 2 - 5 - (47 - 49)?
-3
Calculate (0 - -7) + (-4 - -2).
5
Evaluate 9 + 3 + (-5 - 9).
-2
4 + 1 - (-7 + 14 + -1)
-1
Evaluate -2 + -2 + 6 + 1 + -3.
0
Calculate -1 + -3 + 0 + 3.
-1
What is the value of 6 - (1 - ((5 - 4) + -2))?
4
1 - (10 + -6 - 3)
0
What is (11 - -2) + -18 + 13?
8
Evaluate 1 - (-4 - (3 - 4)) - 4.
0
Evaluate (-4 - -10 - -1) + 2 + -7.
2
What is (-1 - -9 - 7) + -4?
-3
Calculate -92 - -86 - (1 - (6 + 1)).
0
Calculate -1 - ((0 - -1) + 3 + 3).
-8
What is the value of 8 + (2 - 4) - 10?
-4
What is the value of 11 + -6 + (-3 - -1) + 0?
3
What is the value of -2 + 0 - (-1 - 1)?
0
What is 5 + (-3 - (6 - 0)) + -1?
-5
Evaluate -16 + 16 - (4 + 0).
-4
-1 + -9 + 15 + -5 + 1
1
What is the value of -4 + 0 + (2 - (-8 + 8))?
-2
What is (13 + 1 - -1) + (-34 - -28)?
9
What is the value of -3 - (-4 + 3) - (2 + -3)?
-1
What is the value of -5 + 10 - (13 - 10)?
2
Calculate (5 - -4) + -4 + -3.
2
Evaluate 2 - -1 - (1 + 3) - -3.
2
Evaluate (-1 - (-9 - 2)) + -5 - 7.
-2
Calculate 28 - 14 - (24 - 4).
-6
Calculate -17 - -14 - (0 - -1 - 0).
-4
Calculate 7 + 2 - (5 - (-5 + 6)).
5
Calculate (13 - (2 + -4)) + -8.
7
Calculate 22 + -18 + -3 + -10 - -19.
10
What is -1 + -4 + 4 - (1 - 7)?
5
What is the value of 0 + -2 - (0 + 7 + -8)?
-1
What is (-9 - -12) + (0 - 2 - -2)?
3
4 - 1 - (6 - (6 + -3))
0
-3 - (-16 - -15 - (0 - 1))
-3
13 + -10 - (-3 - -1)
5
What is the value of 9 - 1 - 1 - (69 - 67)?
5
3 + 1 + -10 + 3 + 0
-3
What is the value of (3 - (2 - -1)) + 0 + -1?
-1
7 + (-11 - 4) - -9
1
-6 - (2 + (5 - 11) + -5)
3
What is 3 + (4 - 7 - -3)?
3
Calculate -9 + (-3 - 0) + 10.
-2
-1 + (3 - 4) + 7 - 7
-2
What is -41 + 49 + -3 + 4?
9
What is -10 - (-4 + -10) - -1?
5
What is the value of 1 + 1 - (-6 - (-1 - 2))?
5
What is (19 - 22) + (2 - -2)?
1
Evaluate -3 + 4 + 2 + -4 + -4.
-5
What is (15 - 15) + 0 + -5 - -1?
-4
Evaluate 0 - -3 - (-8 + 4 + 7).
0
What is the value of -2 + (7 - 1) - 3?
1
What is the value of 6 + -3 + -3 - -1 - 0?
1
Calculate (6 - 3) + 0 + 5 + -4.
4
-5 + (8 - -2) + -12 + 8
1
What is (-5 + 1 - -6) + -11 + 5?
-4
What is (-9 - -13) + (-1 + -9 - -2)?
-4
-4 + (-3 - -6) + -2
-3
What is the value of 15 + (-20 - -10) - 5?
0
Evaluate -1 + -6 + -5 - -20.
8
2 + 0 + -2 + 1
1
What is the value of 1 + 7 + 146 + -156?
-2
Evaluate -12 + (-13 - -14) + 20.
9
What is the value of 7 + -5 + -7 + 6?
1
What is the value of -3 + 5 + (-7 - -2 - 1)?
-4
Calculate -5 - (-3 + (-3 - -6)).
-5
Evaluate -13 + 4 + (1 - -6).
-2
Calculate (5 - 0) + (4 - 4) + -2.
3
Evaluate 1 - (4 + 3 + 0) - -3.
-3
Calculate (11 - ((5 - -7) + -6)) + -1.
4
What is -3 + 11 + -5 + -12?
-9
What is -1 + -2 - (8 - 8) - -2?
-1
-3 + (12 - 0) - 7
2
Calculate 5 + -7 + 5 + -7 + 7.
3
What is -4 + (1 - (10 - -1)) + 7?
-7
-15 + 12 + -2 + 10
5
Evaluate -13 - ((-25 - -12) + 9).
-9
Evaluate (21 - 0 - 18) + (-1 - 6).
-4
What is 4 + -4 + 3 + -3 + 4?
4
-6